-6). Let z(x) = 5967*x**3 + 3*x**2 + x - 2. Is z(u) composite?
True
Is 293/((-12)/(-2) + (-3 - (-11356)/(-3791))) a prime number?
False
Let j(n) = 1647*n - 2. Let k(w) = -1645*w. Let b(m) = -6*j(m) - 4*k(m). Is b(-1) a composite number?
True
Suppose 0 = 4*i - 3*z - 135928, -3*i + 2*i = 3*z - 33967. Is i prime?
False
Suppose 461424 = -39*q + 6*q + 3049515. Is q prime?
True
Let s(p) = -301*p + 11. Suppose 8*f = -27 + 11. Is s(f) a composite number?
False
Suppose 2*c + c + 4*r - 2411 = 0, -5*c + 2*r = -3975. Is (6 - 8)*c/(-2) prime?
True
Let x = 20705 - 16198. Is x a prime number?
True
Suppose 0 = -5*v - 25, 0*o + 2*o - 492 = 4*v. Let w(g) = -g**2 + 2*g + 131. Let k be w(10). Let c = o - k. Is c composite?
True
Let g(q) = -2*q - 16. Suppose 0*z + 19 = -2*z + n, 2*z = 4*n - 34. Let x be g(z). Is (-7)/x*(4 + 6) a prime number?
False
Let q(i) = -5*i**3 + 3*i**2 + 5*i + 3. Let f be q(-2). Suppose -4*r - 58 = -3*k - 16, 3*k - 5*r - f = 0. Is (-4477)/(-5) - 4/k a composite number?
True
Suppose -5*l + 156413 = -209442. Is l a prime number?
False
Let w(o) = -13*o + 9. Let i be w(4). Let p be i/(-9) + 40/180. Suppose -p*x + 535 = 5*u, 3*u - 3 = -0*u. Is x prime?
False
Let u(f) = -105*f - 31 - 376*f - 6 - 22. Is u(-10) a composite number?
False
Suppose -2*h = 4*u - 978866, -4*u + 2*h + 164894 + 813976 = 0. Is u a prime number?
False
Let y(r) = 149*r**2 + 12*r + 99. Is y(-28) a composite number?
False
Let y = 15 + -16. Let h be 3 - y/(((-20)/(-12))/(-5)). Is ((-4 - -5) + h)*263 a prime number?
True
Suppose -190 - 646 = 4*h. Is (-38)/h + 459387/33 prime?
True
Let v = -109 + 112. Let p(c) = 17 + 0*c**3 - 20*c**2 - c**v - 23*c + 9*c**2 - 2*c**2. Is p(-18) prime?
False
Suppose 3*f - 4*z - 363275 = 0, -221*z + 2 = -219*z. Is f a composite number?
True
Let n(i) = -198*i + 22. Let c be n(-6). Suppose -z + c = -297. Is z composite?
True
Let n = -8450 + 2653. Let f(m) = 829*m + 66. Let h be f(10). Let b = h + n. Is b prime?
False
Let a(u) be the first derivative of 1195*u**3/3 - 2*u**2 + 4*u - 289. Let q be (-2)/(-7) + 5/7. Is a(q) a composite number?
True
Let s(t) = 2*t**3 + 2*t**2 + 4*t + 7. Let g be s(-2). Is (22917/g)/(7/(-21)) prime?
True
Suppose -491*m = -486*m - 120. Is m*266 + -4*25/20 prime?
True
Let m = 215 - 310. Let j = 397 + -267. Let s = j + m. Is s prime?
False
Suppose -10*k + 2275 = -5*k. Let z = -197 + k. Suppose -7*h + 743 = -z. Is h composite?
True
Suppose 4*m - 2*h - h = 87547, 5*m = 2*h + 109439. Suppose -o + 2*j = 7*j - m, 4*o - j = 87661. Is o prime?
False
Let t be 6/(-15)*(14*8 - 2). Let m = -46 - t. Is (11170/(-30))/(m/6) a prime number?
True
Let m(v) = 2374*v + 199 - 4212*v + 3216*v. Is m(13) a prime number?
False
Let u(g) = 4*g - 6. Let j be u(8). Let v be 3/(-15) + (-224)/(-20) - 24/4. Suppose 3*m + 5*n = 128, 0*m - m + j = v*n. Is m a prime number?
False
Let y(k) = k**2 + k + 1. Let b(z) = z**2 - 4*z + 1888. Let t(c) = b(c) - 6*y(c). Let o(h) = 2*h**2 + 5*h - 941. Let d(x) = -7*o(x) - 3*t(x). Is d(0) prime?
True
Let r(u) = -3*u + 35. Let s be r(7). Suppose 4*b = -s + 2, -b - 11 = -4*p. Suppose p*k - 5*k - 2227 = -2*y, -4*k + 4 = 0. Is y a composite number?
True
Is (2 - -1)/(120/920)*18617 a prime number?
False
Is -6 - -15321*(-187)/(-33) prime?
True
Suppose -12*o + 78 = -102. Suppose -5*j = -5*m + 22195, 13*m + 8866 = o*m - 5*j. Is m composite?
True
Let f = -310 - -304. Is ((-132)/(-30) + -4)*(-78405)/f composite?
False
Let a(s) = -s**3 - 8*s**2 + 2*s + 21. Let g be a(-8). Suppose 0*u = g*u. Suppose 68*d - 70*d + 11018 = u. Is d composite?
True
Suppose 20*i - 46 = -3*i. Suppose i*p - 3*l = -6*l + 752, 3*p + 2*l - 1123 = 0. Is p composite?
False
Let s(q) = -2*q**3 + 71*q**2 + 124*q - 483. Let h be s(37). Suppose -2 = 3*y + 5*g, 0*y + 3*g + 8 = 5*y. Is 1672 - (y + h - -2) composite?
True
Let i = 86 - 81. Suppose -n = -2, -i*r + 306 = 2*n - 4293. Is r composite?
False
Is (32 + 41673/9)/(2/6) a prime number?
False
Let t = 106 - 14. Let w(k) = t*k**2 + 62 + 93*k**2 - 183*k**2 + 15*k. Is w(-21) prime?
False
Let t = 194 - 38. Is 39/t + (-2 - (-5003)/4) prime?
True
Let x(u) be the second derivative of 3*u**3 - 17/2*u**2 + 0 + 31*u + 1/2*u**4. Is x(-14) a prime number?
True
Suppose -3*j = -4*j - 2*o + 87852, -4*o - 351384 = -4*j. Suppose 2*f = 3*z + 6*f - 65865, -4*f = -4*z + j. Is z a prime number?
False
Suppose g - 3*y = 2*g - 1456, 6 = -2*y. Let j(b) = -3*b - 12. Let h be j(-6). Suppose 11*k - g = h*k. Is k a prime number?
True
Let x = 42355 + 8582. Is x a composite number?
True
Let a be (1500/(-14))/(15/105). Let y be a/(-110) + 2/11. Suppose -6*u = -y*u + 469. Is u a prime number?
False
Suppose -o = -3*o - 2*a, 5*o - 2*a = 0. Suppose -23*s + 27*s - 11516 = o. Is s composite?
False
Is 132/(6 - 28) + (4429 - (2 + 0)) composite?
False
Let d = 12887 - 2070. Is d a prime number?
False
Is (-158810)/(-35) - 63/147 composite?
True
Suppose -38*r + 4 = -36*r. Suppose r*d + 2*d - i - 16 = 0, -4*i = -d + 19. Suppose -951 = d*p - 3*o - 9852, -p - o + 2959 = 0. Is p a prime number?
True
Suppose -28*p - 208 + 1748 = 0. Let n = 314 - p. Is n a prime number?
False
Let z(d) = -135*d**3 + 2*d**2 + 4*d - 5. Let n be z(1). Let h = 29 - n. Is h composite?
False
Let d = -8815 + 41448. Is d a prime number?
True
Suppose 0 = -2*h + 2*v - 6, -h + 0*h - 2*v = -12. Suppose -f + h*n + 5841 = 0, 0 = 3*f + 4*n - 3*n - 17558. Is f a composite number?
False
Suppose -2*d = 5*c - 1, 5*c + 8 + 0 = d. Let v be 0*(-1)/6 + c. Is 7 + 1051 + -1 - (-3 + v) a prime number?
True
Suppose -2*a + 4*p = -92630, -5*a = -70*p + 73*p - 231484. Is a a prime number?
True
Suppose 4*p + 9945 = 7*p. Suppose -3*l + p = -11793. Suppose -l = -2*z - 2*z. Is z prime?
True
Let m(r) = -3 - 313*r**2 + 2 - 1 + 4 + 3715*r**2 - 15*r. Is m(1) a prime number?
True
Let o = -46 - -51. Suppose -4*w = -t + 47, o*w = t + 3*w - 51. Suppose 0 = 52*x - t*x + 10713. Is x a prime number?
True
Suppose 19 = o + 12. Suppose 0 = -s - 2*s - 4*x + 18, -x = -5*s + o. Suppose 2*f = s*z + f - 179, -3*z = -f - 268. Is z a composite number?
False
Suppose 1371*p + 500827 = 1374*p - 4*f, -4*f - 333890 = -2*p. Is p a prime number?
False
Let c(m) = -24 + 55*m - 36 + 13. Let h be c(-11). Let i = h + 1629. Is i a prime number?
True
Suppose 2*x = -d + 421426, 2279*d - 2278*d = 8. Is x a composite number?
False
Suppose 5*v = o + 178, 9*v + 29 = 10*v + 2*o. Suppose -v*c + 4696 = -27*c. Is c composite?
False
Suppose -4*w = 4*s - 0*s - 8, -3*w + 5*s = 2. Let i be (2/w)/1 - (-30 - -5). Is (117/(-6))/(i/(-2718)) prime?
False
Let n be (3/6)/(8/32). Suppose s = -n*s - 5997. Let a = s + 3353. Is a a composite number?
True
Let w be (6 - 2)*(-3*1)/(-6). Suppose -2*s + 5*r = -31, -s - 18 = -w*s + 3*r. Is (s/9)/(3 - 24496/8166) prime?
True
Let g(f) = -4*f - 207. Let o be g(-53). Suppose 3*t + o*n = 10*n + 7259, 8 = -2*n. Is t a prime number?
False
Suppose 0 = 5*b - 5*y - 11685, -2399 = -2*b + 3*y + 2274. Suppose 2*s - b = 388. Is s prime?
False
Is ((-1959680536)/1760 - 2/(-8))*-5 composite?
False
Suppose 29*r - 18*r = 1815. Suppose 5*c - 6*m - 1140 = -2*m, m + 459 = 2*c. Let d = r + c. Is d a composite number?
False
Suppose -q + 65 = -2*q. Suppose -2*m + 26 = 2*w, -3*w - 46 = -2*m - w. Let s = m - q. Is s a prime number?
True
Is 24409 + (14 - 18)*3 composite?
True
Suppose 8*d - 2196 = 9828. Let t = d + -812. Is t a prime number?
True
Let q(z) = -12*z + 1 - 3*z**2 + 2 + 7*z**2 - 2. Let m be q(21). Let v = -840 + m. Is v prime?
True
Let u(t) = 621*t**2 + 51*t + 853. Is u(-15) a composite number?
False
Suppose -40 = 18*r - 16*r. Let c = r + 22. Suppose c*z = 820 + 568. Is z composite?
True
Suppose 105244 = 5*v - 3*z, -v - 2*v - 4*z = -63129. Suppose -f = -3*t - t - v, f - 21071 = -4*t. Is f composite?
False
Let m = 20355 - -6184. Is m composite?
False
Let q(t) = -2*t - 49. Let v be q(-27). Suppose -v*h - 3*s = -33485, 3*s = 5*h - s - 33450. Is h prime?
False
Let m(j) = 21610*j + 1141. Is m(3) prime?
False
Let i(q) = 3*q**3 + 52*q**2 + 15*q - 191. Is i(24) composite?
False
Let r = -49 + 79. Suppose 1437 = z + d, 5*d - 10 = -r. Is z prime?
False
Let d(q) = 4*q**2 + 21*q + 14. Let l be d(-4). Let s(z) = 8*z - 17. Let p(h) = -h - 1. Let n(r) = -2*p(r) - s(r). Is n(l) a prime number?
False
Let n = 61798 + 394881. Is n composite?
False
Let g(v) = 11107*v